, 3, 5, 17
List the prime factors of 16435.
5, 19, 173
List the prime factors of 11950.
2, 5, 239
What are the prime factors of 7349?
7349
List the prime factors of 940.
2, 5, 47
What are the prime factors of 360?
2, 3, 5
List the prime factors of 2127.
3, 709
What are the prime factors of 9189?
3, 1021
What are the prime factors of 154?
2, 7, 11
What are the prime factors of 25976?
2, 17, 191
What are the prime factors of 90217?
90217
List the prime factors of 3877.
3877
What are the prime factors of 2474?
2, 1237
What are the prime factors of 17225?
5, 13, 53
What are the prime factors of 41983?
41983
What are the prime factors of 20378?
2, 23, 443
List the prime factors of 8374.
2, 53, 79
What are the prime factors of 1176?
2, 3, 7
What are the prime factors of 3465?
3, 5, 7, 11
List the prime factors of 33882.
2, 3, 5647
What are the prime factors of 948?
2, 3, 79
What are the prime factors of 16927?
16927
What are the prime factors of 47325?
3, 5, 631
List the prime factors of 22588.
2, 5647
List the prime factors of 5769.
3, 641
What are the prime factors of 6876?
2, 3, 191
List the prime factors of 3568.
2, 223
What are the prime factors of 2078?
2, 1039
What are the prime factors of 774?
2, 3, 43
List the prime factors of 42856.
2, 11, 487
List the prime factors of 11282.
2, 5641
What are the prime factors of 43948?
2, 10987
What are the prime factors of 4083?
3, 1361
List the prime factors of 1881.
3, 11, 19
List the prime factors of 78888.
2, 3, 19, 173
List the prime factors of 3459.
3, 1153
What are the prime factors of 40459?
40459
List the prime factors of 1214.
2, 607
What are the prime factors of 55174?
2, 7, 563
What are the prime factors of 715?
5, 11, 13
What are the prime factors of 835?
5, 167
List the prime factors of 672.
2, 3, 7
What are the prime factors of 15271?
15271
What are the prime factors of 1210?
2, 5, 11
What are the prime factors of 485?
5, 97
What are the prime factors of 2055?
3, 5, 137
What are the prime factors of 9379?
83, 113
List the prime factors of 3042.
2, 3, 13
What are the prime factors of 58906?
2, 29453
What are the prime factors of 2296?
2, 7, 41
List the prime factors of 4639.
4639
What are the prime factors of 1135?
5, 227
What are the prime factors of 22922?
2, 73, 157
List the prime factors of 3011.
3011
List the prime factors of 929.
929
What are the prime factors of 11890?
2, 5, 29, 41
What are the prime factors of 2076?
2, 3, 173
List the prime factors of 3508.
2, 877
What are the prime factors of 2897?
2897
What are the prime factors of 6375?
3, 5, 17
What are the prime factors of 190?
2, 5, 19
What are the prime factors of 117?
3, 13
What are the prime factors of 55161?
3, 227
What are the prime factors of 155471?
107, 1453
What are the prime factors of 15628?
2, 3907
List the prime factors of 32532.
2, 3, 2711
List the prime factors of 135309.
3, 23, 37, 53
List the prime factors of 14676.
2, 3, 1223
List the prime factors of 1743.
3, 7, 83
What are the prime factors of 985?
5, 197
What are the prime factors of 45984?
2, 3, 479
What are the prime factors of 29195?
5, 5839
List the prime factors of 48157.
48157
List the prime factors of 3131.
31, 101
List the prime factors of 21354.
2, 3, 3559
List the prime factors of 8815.
5, 41, 43
List the prime factors of 498.
2, 3, 83
List the prime factors of 200.
2, 5
What are the prime factors of 144832?
2, 31, 73
List the prime factors of 146064.
2, 3, 17, 179
What are the prime factors of 15327?
3, 13, 131
What are the prime factors of 18852?
2, 3, 1571
List the prime factors of 734.
2, 367
What are the prime factors of 1875?
3, 5
List the prime factors of 15113.
7, 17, 127
List the prime factors of 63468.
2, 3, 41, 43
List the prime factors of 8629.
8629
What are the prime factors of 2971?
2971
List the prime factors of 14495.
5, 13, 223
What are the prime factors of 16351?
83, 197
List the prime factors of 1449.
3, 7, 23
What are the prime factors of 13153?
7, 1879
What are the prime factors of 52280?
2, 5, 1307
List the prime factors of 1214.
2, 607
What are the prime factors of 25142?
2, 13, 967
What are the prime factors of 689?
13, 53
What are the prime factors of 6671?
7, 953
List the prime factors of 22930.
2, 5, 2293
What are the prime factors of 6905?
5, 1381
List the prime factors of 51598.
2, 25799
List the prime factors of 26381.
23, 31, 37
What are the prime factors of 77077?
7, 11, 13
List the prime factors of 40914.
2, 3, 2273
List the prime factors of 96152.
2, 7, 17, 101
List the prime factors of 2638.
2, 1319
List the prime factors of 17719.
13, 29, 47
List the prime factors of 127.
127
List the prime factors of 56653.
181, 313
List the prime factors of 3278.
2, 11, 149
List the prime factors of 43311.
3, 14437
What are the prime factors of 116620?
2, 5, 7, 17
List the prime factors of 20152.
2, 11, 229
List the prime factors of 60550.
2, 5, 7, 173
What are the prime factors of 3642?
2, 3, 607
What are the prime factors of 23549?
23549
What are the prime factors of 5247?
3, 11, 53
What are the prime factors of 83398?
2, 7, 23, 37
What are the prime factors of 14407?
14407
List the prime factors of 5604.
2, 3, 467
What are the prime factors of 4226?
2, 2113
List the prime factors of 21201.
3, 37, 191
What are the prime factors of 11117?
11117
List the prime factors of 137.
137
List the prime factors of 3693.
3, 1231
What are the prime factors of 5360?
2, 5, 67
List the prime factors of 11806.
2, 5903
What are the prime factors of 10427?
10427
List the prime factors of 40593.
3, 7, 1933
What are the prime factors of 2898?
2, 3, 7, 23
What are the prime factors of 5348?
2, 7, 191
What are the prime factors of 3788?
2, 947
What are the prime factors of 2269?
2269
List the prime factors of 10973.
10973
What are the prime factors of 2360?
2, 5, 59
What are the prime factors of 53067?
3, 7, 19
List the prime factors of 7461.
3, 829
List the prime factors of 658.
2, 7, 47
What are the prime factors of 7659?
3, 23, 37
What are the prime factors of 51412?
2, 12853
List the prime factors of 177.
3, 59
What are the prime factors of 7925?
5, 317
What are the prime factors of 825?
3, 5, 11
List the prime factors of 300.
2, 3, 5
List the prime factors of 24766.
2, 7, 29, 61
List the prime factors of 24943.
24943
What are the prime factors of 2524?
2, 631
List the prime factors of 1376.
2, 43
List the prime factors of 3844.
2, 31
List the prime factors of 1789.
1789
What are the prime factors of 3380?
2, 5, 13
List the prime factors of 2747.
41, 67
List the prime factors of 9401.
7, 17, 79
List the prime factors of 1547.
7, 13, 17
List the prime factors of 4446.
2, 3, 13, 19
What are the prime factors of 4467?
3, 1489
List the prime factors of 107.
107
List the prime factors of 3793.
3793
List the prime factors of 1011.
3, 337
List the prime factors of 66422.
2, 33211
List the prime factors of 18749.
18749
List the prime factors of 5115.
3, 5, 11, 31
What are the prime factors of 4039?
7, 577
What are the prime factors of 11007?
3, 1223
What are the prime factors of 24905?
5, 17, 293
List the prime factors of 987.
3, 7, 47
What are the prime factors of 76444?
2, 29, 659
List the prime factors of 13504.
2, 211
List the prime factors of 9978.
2, 3, 1663
List the prime factors of 6368.
2, 199
List the prime factors of 1840.
2, 5, 23
What are the prime factors of 2218?
2, 1109
List the prime factors of 15781.
43, 367
What are the prime factors of 8858?
2, 43, 103
What are the prime factors of 86233?
7, 97, 127
List the prime factors of 449.
449
What are the prime factors of 16714?
2, 61, 137
What are the prime factors of 1700?
2, 5, 17
What are the prime factors of 54102?
2, 3, 71, 127
What are the prime factors of 1841?
7, 263
What are the prime factors of 748?
2, 11, 17
List the prime factors of 4845.
3, 5, 17, 19
What are the prime factors of 1183?
7, 13
What are the prime factors of 86925?
3, 5, 19, 61
What are the prime factors of 160?
2, 5
What are the prime factors of 1444?
2, 19
List the prime factors of 1018.
2, 509
List the prime factors of 470.
2, 5, 47
What are the prime factors of 108710?
2, 5, 7, 1553
What are the prime factors of 73778?
2, 37, 997
What are the prime factors of 9112?
2, 17, 67
What are the prime factors of